10, what is 40 - 151?
-111
In base 7, what is 204 - 4?
200
In base 10, what is 2 - 51?
-49
In base 3, what is -11 - -122220?
122202
In base 2, what is -1 + 11001101?
11001100
In base 7, what is -1 - 216?
-220
In base 14, what is 1d - 181?
-162
In base 8, what is -20 - 0?
-20
In base 13, what is 4c - 7?
45
In base 15, what is -47 - -5?
-42
In base 16, what is 3bd + 4?
3c1
In base 15, what is -7 + 8?
1
In base 7, what is 1 - -1?
2
In base 12, what is -40 - 2b?
-6b
In base 12, what is -1b - 12?
-31
In base 14, what is 502 + -3?
4dd
In base 6, what is 12 - 14235?
-14223
In base 16, what is -121 + 2?
-11f
In base 8, what is -50 + 4?
-44
In base 2, what is -11 + -1001001100010?
-1001001100101
In base 9, what is -3 + 10?
6
In base 10, what is -1 - -120?
119
In base 8, what is 5605 + 6?
5613
In base 10, what is -1 - -89?
88
In base 9, what is 5 - -33?
38
In base 9, what is 5 + -406?
-401
In base 7, what is 3630 - -4?
3634
In base 8, what is -2112 - 5?
-2117
In base 14, what is -2 + 617?
615
In base 7, what is -5 + -5326?
-5334
In base 16, what is -59 - -5?
-54
In base 16, what is -4 - -c6?
c2
In base 4, what is -1030 + -1?
-1031
In base 14, what is -36 - -106?
b0
In base 15, what is -3 - -23?
20
In base 12, what is 3 - -16a?
171
In base 9, what is 3 + 36?
40
In base 12, what is -137 + -14?
-14b
In base 15, what is -a00 - -5?
-9ea
In base 7, what is 13 + -66?
-53
In base 13, what is -1c9 - -1?
-1c8
In base 8, what is 171101 + 5?
171106
In base 13, what is 5 + -111c?
-1117
In base 11, what is -51 - 1?
-52
In base 13, what is -18 + -14a?
-165
In base 9, what is 3 - 80?
-76
In base 9, what is 272 - -168?
451
In base 12, what is 59b2 - 0?
59b2
In base 14, what is c - 19?
-b
In base 8, what is 10 + 12?
22
In base 10, what is 0 + -75?
-75
In base 7, what is 56 - 3?
53
In base 13, what is 5 - 406?
-401
In base 8, what is -4 + -423?
-427
In base 12, what is b12 - -2?
b14
In base 15, what is 1d - 5?
18
In base 7, what is -134 + 35?
-66
In base 8, what is 32 - -12?
44
In base 13, what is -b06 - 1?
-b07
In base 3, what is -122022021 + -11?
-122022102
In base 10, what is -15 + 41?
26
In base 9, what is -604 - 0?
-604
In base 2, what is 10 + -111001?
-110111
In base 7, what is 401 - 3?
365
In base 5, what is -10 + -400?
-410
In base 15, what is -150e + -1?
-1510
In base 15, what is 5d + -4?
59
In base 6, what is 1303 + 4?
1311
In base 2, what is 100 + -11010101000?
-11010100100
In base 9, what is 3 - -625?
628
In base 6, what is -2500 - 5?
-2505
In base 12, what is -5 + -38?
-41
In base 15, what is -1 + 2c?
2b
In base 7, what is 4 + 140?
144
In base 4, what is 0 - -13?
13
In base 5, what is 300 + 12?
312
In base 16, what is 1 + -314?
-313
In base 2, what is -100111011 + 101?
-100110110
In base 11, what is -17 - -23?
7
In base 16, what is -3 - -133?
130
In base 4, what is -10 - -133002?
132332
In base 11, what is -5 - 107a?
-1084
In base 6, what is 0 + 22125?
22125
In base 5, what is -2 - -12?
10
In base 2, what is -10100 - 1000?
-11100
In base 4, what is 3 + -22?
-13
In base 13, what is 27 - 1c?
8
In base 10, what is -14 + -19?
-33
In base 14, what is 15 - 3?
12
In base 12, what is 48 - -19?
65
In base 4, what is 1 + 2112013?
2112020
In base 13, what is 5 - -2c?
34
In base 4, what is 222 + -12?
210
In base 10, what is -25 - 120?
-145
In base 11, what is 5 - 7a2?
-798
In base 5, what is -23434 - -3?
-23431
In base 14, what is -7 + 1d?
16
In base 7, what is 221 + -5?
213
In base 8, what is 2 + 1770?
1772
In base 16, what is -280 + -3?
-283
In base 12, what is -191 + b?
-182
In base 9, what is 6 + 268?
275
In base 15, what is 6 + 62?
68
In base 10, what is 5461 - 5?
5456
In base 16, what is -e28 + -1?
-e29
In base 9, what is 2 + -5274?
-5272
In base 7, what is 1 - 403?
-402
In base 9, what is 0 + -21?
-21
In base 5, what is 24 + -112?
-33
In base 12, what is -14 + a6?
92
In base 8, what is 171 - -4?
175
In base 11, what is -42 - -114?
82
In base 11, what is 36 - -99?
124
In base 8, what is 21 - -43?
64
In base 11, what is -12a5 + 0?
-12a5
In base 7, what is -5 + 1034?
1026
In base 12, what is -398 + 1?
-397
In base 9, what is -3304 + 2?
-3302
In base 6, what is -1513 - -2?
-1511
In base 8, what is -54 + -5?
-61
In base 5, what is 2 - 421?
-414
In base 16, what is -c4 - 4?
-c8
In base 2, what is 110 + -11010100?
-11001110
In base 4, what is -132 - 10?
-202
In base 7, what is 0 - -2206?
2206
In base 8, what is -11 - 4?
-15
In base 7, what is 1 - 6?
-5
In base 9, what is 147 - -201?
348
In base 7, what is 22 - 35?
-13
In base 12, what is -8 + -4b?
-57
In base 5, what is -241 + -22?
-313
In base 5, what is -121 - -13?
-103
In base 4, what is -113 - 31?
-210
In base 6, what is -1 - 44?
-45
In base 6, what is 1 - 423?
-422
In base 8, what is 4 + -131?
-125
In base 3, what is -11 + -11001021?
-11001102
In base 11, what is -1526 + 4?
-1522
In base 10, what is 76 - 5?
71
In base 6, what is -15 + 41?
22
In base 9, what is 3 - 31?
-27
In base 3, what is -20212 - -1?
-20211
In base 2, what is -101101 - 110?
-110011
In base 5, what is 11 + -10?
1
In base 13, what is 172 + 23?
195
In base 2, what is 1 + 1010111?
1011000
In base 12, what is 2 - 8b?
-89
In base 2, what is 111001110 - 1?
111001101
In base 10, what is 115 + 134?
249
In base 9, what is -17 + 4?
-13
In base 10, what is -5 + -36?
-41
In base 14, what is 3 + 190d?
1912
In base 11, what is 12 - -10?
22
In base 6, what is 12353 + 1?
12354
In base 11, what is 2 + -a88?
-a86
In base 3, what is 10 + 12000011?
12000021
In base 5, what is -3 + -142?
-200
In base 15, what is -24 - -8?
-1b
In base 8, what is -23 - -200?
155
In base 2, what is 10 + -11011?
-11001
In base 4, what is -220 - -11?
-203
In base 13, what is c1 + 18?
109
In base 15, what is 135 - 3?
132
In base 3, what is -1211 + -211022?
-220010
In base 10, what is -2 - -1921?
1919
In base 15, what is 11c - -2?
11e
In base 16, what is -eb + -2?
-ed
In base 8, what is 3 + 2342?
2345
In base 10, what is 41 + 5?
46
In base 15, what is -4 - -14?
10
In base 14, what is -a1 + -4?
-a5
In base 5, what is 1 - -114?
120
In base 9, what is 1 + -166?
-165
In base 6, what is 4 - -15035?
15043
In base 4, what is 3131 + 0?
3131
In base 8, what is -23 + -53?
-76
In base 6, what is -2 - 2502?
-2504
In base 10, what is 289 - 0?
289
In base 6, what is -1104 + -4?
-1112
In base 8, what is 42 + 106?
150
In base 9, what is -368 + -4?
-373
In base 5, what is -4320 - -4?
-4311
In base 14, what is -dc - -3?
-d9
In base 13, what is -1 + -49?
-4a
In base 14, what is -4d66 - 0?
-4d66
In base 2, what is 10001 + -110111011?
-110101010
In base 6, what is 0 + 21015?
21015
In base 9, what is 406 + 1?
407
In base 4, what is 2 - 132220?
-132212
In base 5, what is -2 - 31113?
-31120
In base 16, what is -4 + -29?
-2d
In base 6, what is -352 - 104?
-500
In base 15, what is c7 + 3?
ca
In base 9, what is -1 + -114?
-115
In base 2, what is -11 - 111111100?
-111111111
In base 8, what is 110 - 62?
26
In base 12, what is -1 + 547?
546
In base 13, what is 6 - 15a?
-154
In base 15, what is 22d + 6?
234
In base 11, what is 22 - 19?
4
In base 6, what is -3 + -52?
-55
In base 12, what is -5 + 46?
41
In base 9, what is 820 - -4?
824
In base 7, what is 1 - 22200?
-22166
In base 5, what is -11444 + 113?
-11331
In base 11, what is -7 + 3?
-4
In base 5, what is -220 - -10?
-210
In base 14, what is -1b - 0?
-1b
In base 7, what is 5 - 460?
-452
In base 4, what is 110 - -31?
201
In base 8, what is 7 - -202?
211
In base 9, what is 3 + 1?
4
In base 6, what is 55 - 11?
44
In base 9, what is 1382 + 2?
1384
In base 4, what is 1022 + -32?
330
In base 2, what is 101111101 + 10010?
110001111
In base 10, what is -25 - -8?
-17
In base 15, what is -3 - -40?
3c
In base 10, what is -1 + -152?
-153
In base 8, what is 310 + 5?
315
In base 11, what is 4 - 11?
-8
In base 5, what is -2 + -114?
-121
In base 5, what is 201 - -303?
1004
In base 16, what is -d4 - 5?
-d9
In base 2, what is 100 + 101001?
101101
In base 6, what is 533 + -34?
455
In base 13, what is 32 + 0?
32
In base 10, what is 16 - -89?
105
In base 9, what is 1148 - 4?
1144
In base 10, what is -1477 + 1?
-1476
In base 15, what is 270 - -9?
279
In base 14, what is -12 - -27?
15
In base 7, what is 3021 + 5?
3026
In base 9, what is -6112 - -5?
-6106
In base 2, what is 10101 - -101?